e d = q - 3 - 6. Is 177/q*3 + 0 a composite number?
False
Is (-3*(-2287)/9)/((-1)/(-3)) a composite number?
False
Let y(x) = x**2 + 5*x + 3. Let s be y(-5). Let f be (1 - (s + -2))*-1. Is (-1 - (2 + f)) + 36 prime?
False
Suppose -3*v - 22 = -133. Suppose -g - l = -25, -6*g - 4*l = -5*g - v. Suppose -2*s = s - g. Is s a composite number?
False
Let k = -149 - -351. Is k prime?
False
Suppose 0 = -5*f + 2*f + 1401. Is f prime?
True
Suppose -j = -5*j + 124. Is j composite?
False
Let s = 10 - 3. Let l be (-4)/14 + 16/s. Suppose -l*p + p + 55 = 0. Is p a composite number?
True
Let v(g) = 7*g + 6. Is v(7) prime?
False
Let y = 10 + -18. Is (34/y)/((-2)/104) a composite number?
True
Let f(m) = m**2 + 11*m + 75. Is f(-12) prime?
False
Suppose -8*q + 7796 = -3060. Is q a prime number?
False
Let i(t) = t**2 + 8*t - 3. Is i(5) prime?
False
Let y be ((-8)/(-5))/(4/(-20)). Let v(q) = q**3 + 9*q**2 + 7*q + 2. Let s be v(y). Is (246/s)/((-1)/(-5)) a prime number?
False
Suppose -5*z + 4*l = -3459, 2*z - l - 1378 = -5*l. Is z a prime number?
True
Suppose -3*i + 0*y + 1675 = -4*y, -1086 = -2*i - 5*y. Is i a prime number?
False
Let b(v) = 4*v**3 - 2*v**2 - 6*v + 7. Suppose 0 = 3*l + l + 24. Let w(z) = -z + 1. Let i(d) = l*w(d) + b(d). Is i(2) a prime number?
False
Let i = -3 - -8. Suppose -20 = i*u - 265. Is u prime?
False
Suppose -x - q = 4*x - 2726, -x + 4*q + 541 = 0. Is x prime?
False
Let i = -7 - -6. Let l = i - -22. Is l composite?
True
Let y(l) = -5*l - 3. Let b(z) = z**2 - 5*z + 4. Let f be b(3). Let v be y(f). Is (-2)/v - 657/(-21) a composite number?
False
Let l be (-3)/(-2)*(-4)/(-3). Suppose -l*d + 133 = n - 2*n, 2*d = 3*n + 131. Let g = -32 + d. Is g a prime number?
False
Let x = -1228 - -2831. Is x a composite number?
True
Let x = 14 + -4. Let t be (165/x)/((-2)/(-4)). Suppose -h + 4*h - t = 0. Is h prime?
True
Suppose o - 96 = 3*q, 2*o - o - 90 = -3*q. Suppose 5*m - o = 292. Is m a prime number?
False
Let m = -265 - -26. Let s = -136 - m. Is s a composite number?
False
Let r = -2 + 511. Is r a prime number?
True
Let r(p) = p - 15. Let n be r(8). Let y be (n/(-3))/((-2)/(-408)). Suppose 7*q = 3*q + y. Is q composite?
True
Let l(z) = -4*z + 5. Let v be l(2). Let f = 86 - v. Is f prime?
True
Let j(n) = 104*n - 13. Is j(4) composite?
True
Suppose -4*x - 3*h = -21, 0*x + h + 50 = 5*x. Is ((-508)/(-6))/(6/x) composite?
False
Let g = -1503 - -3964. Is g prime?
False
Let k be (-2)/(3 - 5/2). Let b be 2/(-4) + (-326)/k. Suppose a - 85 = -4*l, l - b = -a + 10. Is a composite?
True
Suppose 0 = -19*d + 21502 - 8183. Is d composite?
False
Suppose -5*t + 4*u = -363, 2*t - 134 = 3*u - 7*u. Is t prime?
True
Let g = -217 - -362. Is g a prime number?
False
Let t = 37 - 106. Let c be (-2)/(-1) - t/3. Let l = 84 - c. Is l prime?
True
Let j(c) = -2*c + 0*c - 2*c - 4*c - 5. Is j(-8) a prime number?
True
Suppose 23 - 7 = 4*l, 3*k + 2*l - 5069 = 0. Is k a composite number?
True
Is (1005/(-10))/(2/(-4)) prime?
False
Suppose d - 11 - 7 = 0. Is 1606/d + 8/(-36) a composite number?
False
Suppose 14*r + 2592 = 18*r. Suppose -a - 3*a + r = 5*t, 4*a - 616 = 3*t. Is a a composite number?
False
Let c(o) = -o + 16. Let q be c(11). Suppose -13 = -4*z - y, -2*z + 0 = -2*y + 6. Suppose -4*w = f - 18, -z*w = 3*f - q*w - 24. Is f a prime number?
False
Let q be ((-12)/9)/(1/(-48)). Suppose -2*o + q = -5*v + 1025, -188 = -v - o. Is v a composite number?
False
Let y = 7 - 11. Let j(b) = 5*b**2 - b + 5. Is j(y) a prime number?
True
Let f be 4/10 - 3981/15. Let a = 108 - f. Is a prime?
True
Let l be 1*(-6)/9*-9. Suppose -l*j + 884 = -2*j. Is j a composite number?
True
Let i = 276 + -458. Let g be i/(-2 - (-3 + 2)). Let f = g + -97. Is f prime?
False
Let i = 10 - 6. Suppose 0 = i*j - 6*j + 14. Is j a prime number?
True
Suppose 3*z = 2*h + 7*z - 1806, -4*z = 4*h - 3592. Is h composite?
True
Is (55/(-4))/(6/(-72)*3) a prime number?
False
Let j(q) = -18*q - 19. Is j(-15) a prime number?
True
Suppose -3*h + 1575 = -1221. Let z = h - 517. Is z a composite number?
True
Suppose -3*c - c = -3*f + 19, 4*f + 3*c - 67 = 0. Let x = -29 + f. Let p = x + 25. Is p a prime number?
False
Suppose -2*r = -r, c - 3419 = -4*r. Is c a composite number?
True
Let w(b) = b**3 + 14*b**2 + 8*b. Let u(a) = -a**3 + 2*a - 1. Let d be u(2). Let k(v) = v**3 + 15*v**2 + 8*v + 1. Let m(c) = d*k(c) + 6*w(c). Is m(-7) composite?
False
Suppose 394 = o + 5*c, -1710 = -5*o + 2*c + 395. Is o prime?
True
Let w = 7 + -4. Suppose w*s + c = -s - 301, -2*s - 3*c = 153. Let o = s + 112. Is o prime?
True
Suppose 0 = 3*k - 3 + 12, 3*k + 239 = -5*y. Let l = y + 183. Suppose 44 = -4*m - 2*a + 190, a = 4*m - l. Is m prime?
False
Suppose 4 = -s + 3*s. Suppose 0*m + 36 = m + 3*w, 0 = -3*m + s*w + 53. Is m composite?
True
Let h(k) = k**3 + k**2. Let w(x) = -2*x**3 + 3*x**2 + 3*x + 11. Let o(j) = -3*h(j) - w(j). Is o(-9) a composite number?
True
Let k = 6 + -7. Is -159*(k + 8/(-6)) composite?
True
Suppose -y + 0*y + 4*n - 15 = 0, -4*n + 16 = 0. Let s be 5 - 5 - -2*y. Suppose 2 = s*h - 72. Is h composite?
False
Is (2 - (-18)/(-6)) + 1400 a composite number?
False
Let c = -74 - -141. Is c prime?
True
Suppose 2*c = -c + 6. Suppose 3*n = -v + 346, c*n + v + v - 228 = 0. Suppose 0 = -3*t + 5*i + 30 + 34, 5*t - n = -i. Is t composite?
False
Let g = 68 + 90. Suppose -2*n = -0*n - g. Is n prime?
True
Let u be 0 + -13 + -2 + 5. Let z = 23 + u. Is z a composite number?
False
Let y(v) = 8*v**3 + 7*v**2 + v - 5. Is y(8) prime?
True
Let s(y) = -y + 6. Let j be s(0). Let v(g) = -g**3 + 8*g**2 + 3*g - 5. Is v(j) prime?
False
Let l = -18 - -20. Is l/(-4) + (-135)/(-2) prime?
True
Suppose 3*y - 4*y - 25 = 5*z, 2*z + 10 = -2*y. Let v = 122 + -66. Is (0 - y) + v + -1 a composite number?
True
Is -21*99/27*(-2 - -1) prime?
False
Suppose -5*k - 870 = -5*t + 1370, -5*t = 4*k - 2249. Is t a prime number?
True
Let w(d) = -1004*d - 3. Is w(-2) composite?
True
Suppose 0 = 2*x, 0*c + 4 = 2*c - 5*x. Suppose -c*j = -0*j + 5*n - 62, 0 = -4*j + 5*n + 124. Is j a prime number?
True
Suppose 0 = 5*f - 3*r - 158, 0*r = r - 4. Is 4/(24/f)*21 a composite number?
True
Suppose -214 = q - 2*q. Is q prime?
False
Suppose 5*g + n = -0*n + 10262, -2*n - 6165 = -3*g. Is g prime?
True
Let y(v) = -v**2 - 5*v - 5. Let z be y(-2). Is (1/z)/((-2)/(-74)) composite?
False
Suppose 10*m = 14434 + 1596. Is m prime?
False
Is (2 + 34/(-6))*-39 composite?
True
Suppose -2*b + 4*b = 5*y + 29, -5 = y. Suppose 0 = b*u + j - 15, 5*u - 33 = -5*j + j. Let s = 19 - u. Is s a composite number?
True
Suppose -4*c - 2*h + 955 = 191, -955 = -5*c + 3*h. Is c a prime number?
True
Is 2761/9 + (-2)/(-9) a prime number?
True
Let j = 4 - -1. Let w(q) = q**3 - 4*q**2 - q - 1. Is w(j) a prime number?
True
Let x(w) = -32*w + 49. Is x(-30) a prime number?
True
Suppose -4*a = -5*f + 583, 3*f - 254 = -5*a + 81. Suppose f = 2*p - 149. Is (-3)/(2 - -1) + p composite?
False
Let p = -115 + 208. Let y be (2*-1)/(3/84). Let n = p + y. Is n a composite number?
False
Suppose -231 = -n + 150. Is n a composite number?
True
Let q(o) = 14*o**2 - o + 12. Let t be q(9). Suppose -293 + t = 4*a. Is a composite?
False
Suppose -3*n + 6 = -3. Suppose s + n*d - 55 = 0, 2*s = 3*d + 134 - 15. Is s a prime number?
False
Let l(g) = 15*g**2 - 47*g - 27. Is l(-13) composite?
False
Let y(f) = -205*f - 2. Suppose 4 = x + 3*c, 27 = -3*x + 2*c + 6. Let u be y(x). Suppose -3*p = -6*p + u. Is p a prime number?
False
Let v be 122 + (-4)/(2 + 0). Let b = v + -65. Is b a prime number?
False
Let l(t) = -6*t**3 - 2*t**2 - t - 1. Let v be l(-2). Let y = v + -8. Is y composite?
True
Let y = 133 - -54. Is y a composite number?
True
Suppose -2*l = -34 - 220. Is l a composite number?
False
Let q = 1888 - 1255. Is q a prime number?
False
Let l(u) = -2 + 0 - 3*u + 1 + 17*u**2 + 29*u**2. Is l(-3) composite?
True
Suppose 0*m + 4*m - 3*n - 32 = 0, 3*n = 2*m - 16. Is (-4)/m + (-3429)/(-6) composite?
False
Suppose 295 - 1231 = -4*u + 4*t, 0 = -3*u - 4*t + 695. Is (u/(-2))/(5/(-10)) composite?
False
Let y = 336 - 173. Is y a composite number?
False
Is 1277*((-4)/3 + 35/15) prime?
True
Is (-4)/4 + -1 - -701 prime?
False
Let y(k) = 6*k**2 - 3*k + 3. Suppose -6*t + 2*t - 5*v = -28, t - 4*v = -14. Let a be y(t). Is a - 0/(-2 - -1) a prime number?
False
Let r = -4 + 12. Suppose 5